{"id":1149,"date":"2016-10-04T19:25:55","date_gmt":"2016-10-04T19:25:55","guid":{"rendered":"http:\/\/oralmedic.com.co\/?page_id=1149"},"modified":"2016-11-25T21:23:19","modified_gmt":"2016-11-25T21:23:19","slug":"odontologia-general","status":"publish","type":"page","link":"https:\/\/oralmedic.com.co\/index.php\/odontologia-general\/","title":{"rendered":"ODONTOLOG\u00cdA GENERAL"},"content":{"rendered":"<p>[vc_row css=&#8221;.vc_custom_1453217339571{padding-top: 50px !important;padding-bottom: 50px !important;}&#8221;][vc_column width=&#8221;1\/2&#8243;][vc_column_text]Son los tratamientos encaminados a solucionar los problemas primarios que tienen que ver con la boca, dientes y otras estructuras relacionadas. En la mayor\u00eda de los casos representa el primer contacto del paciente con el odont\u00f3logo.<\/p>\n<p>El odont\u00f3logo general realiza el diagn\u00f3stico primario del paciente, resuelve los problemas de restauraci\u00f3n de caries que pueda presentar y lo canaliza adecuadamente a cada especialista de acuerdo a la necesidad del paciente.[\/vc_column_text][vc_btn title=&#8221;Agendar Cita&#8221; style=&#8221;flat&#8221; color=&#8221;blue&#8221; align=&#8221;left&#8221; link=&#8221;url:http%3A%2F%2Foralmedic.com.co%2Findex.php%2Fcontacto%2F||&#8221;][\/vc_column][vc_column width=&#8221;1\/2&#8243;][vc_gallery images=&#8221;1265,1266,1267,1268,1269&#8243;][\/vc_column][\/vc_row]<\/p>\n","protected":false},"excerpt":{"rendered":"<p>[vc_row css=&#8221;.vc_custom_1453217339571{padding-top: 50px !important;padding-bottom: 50px !important;}&#8221;][vc_column width=&#8221;1\/2&#8243;][vc_column_text]Son los tratamientos encaminados a solucionar los problemas primarios que tienen que ver con la boca, dientes y otras estructuras relacionadas. En la mayor\u00eda de los casos representa el primer contacto del paciente con el odont\u00f3logo. El odont\u00f3logo general realiza el diagn\u00f3stico primario del paciente, resuelve los problemas de<\/p>\n","protected":false},"author":2,"featured_media":0,"parent":0,"menu_order":0,"comment_status":"closed","ping_status":"closed","template":"","meta":[],"_links":{"self":[{"href":"https:\/\/oralmedic.com.co\/index.php\/wp-json\/wp\/v2\/pages\/1149"}],"collection":[{"href":"https:\/\/oralmedic.com.co\/index.php\/wp-json\/wp\/v2\/pages"}],"about":[{"href":"https:\/\/oralmedic.com.co\/index.php\/wp-json\/wp\/v2\/types\/page"}],"author":[{"embeddable":true,"href":"https:\/\/oralmedic.com.co\/index.php\/wp-json\/wp\/v2\/users\/2"}],"replies":[{"embeddable":true,"href":"https:\/\/oralmedic.com.co\/index.php\/wp-json\/wp\/v2\/comments?post=1149"}],"version-history":[{"count":5,"href":"https:\/\/oralmedic.com.co\/index.php\/wp-json\/wp\/v2\/pages\/1149\/revisions"}],"predecessor-version":[{"id":1582,"href":"https:\/\/oralmedic.com.co\/index.php\/wp-json\/wp\/v2\/pages\/1149\/revisions\/1582"}],"wp:attachment":[{"href":"https:\/\/oralmedic.com.co\/index.php\/wp-json\/wp\/v2\/media?parent=1149"}],"curies":[{"name":"wp","href":"https:\/\/api.w.org\/{rel}","templated":true}]}}