{"id":1139,"date":"2016-10-04T19:17:57","date_gmt":"2016-10-04T19:17:57","guid":{"rendered":"http:\/\/oralmedic.com.co\/?page_id=1139"},"modified":"2016-11-25T21:21:27","modified_gmt":"2016-11-25T21:21:27","slug":"endodoncia","status":"publish","type":"page","link":"https:\/\/oralmedic.com.co\/index.php\/endodoncia\/","title":{"rendered":"ENDODONCIA"},"content":{"rendered":"<p>[vc_row css=&#8221;.vc_custom_1453217339571{padding-top: 50px !important;padding-bottom: 50px !important;}&#8221;][vc_column][vc_column_text]<\/p>\n<p style=\"text-align: justify;\">La endodoncia es la especialidad de la odontolog\u00eda que trata patolog\u00edas de la pulpa (tejido blando que contiene nervios, vasos sangu\u00edneos y tejido conectivo. Se encuentra dentro del diente y se extiende desde la corona dental hasta la punta de la ra\u00edz en el hueso del maxilar, com\u00fanmente llamada el nervio).<\/p>\n<p style=\"text-align: justify;\">Cuando la pulpa est\u00e1 enferma o da\u00f1ada y no puede auto-repararse, esta muere. La causa m\u00e1s com\u00fan de la muerte de pulpa es un diente fracturado o una cavidad profunda. Ambos problemas pueden permitir que las bacterias entren a la pulpa, causando una infecci\u00f3n dentro del diente (absceso). Un diente restaurado puede durar toda una vida si contin\u00faa cuidando sus dientes.<\/p>\n<p>[\/vc_column_text][vc_gallery images=&#8221;1496,1497,1498&#8243; img_size=&#8221;300&#215;150&#8243;][vc_btn title=&#8221;Agendar Cita&#8221; style=&#8221;flat&#8221; color=&#8221;blue&#8221; align=&#8221;left&#8221; link=&#8221;url:http%3A%2F%2Foralmedic.com.co%2Findex.php%2Fcontacto%2F||&#8221;][\/vc_column][\/vc_row]<\/p>\n","protected":false},"excerpt":{"rendered":"<p>[vc_row css=&#8221;.vc_custom_1453217339571{padding-top: 50px !important;padding-bottom: 50px !important;}&#8221;][vc_column][vc_column_text] La endodoncia es la especialidad de la odontolog\u00eda que trata patolog\u00edas de la pulpa (tejido blando que contiene nervios, vasos sangu\u00edneos y tejido conectivo. Se encuentra dentro del diente y se extiende desde la corona dental hasta la punta de la ra\u00edz en el hueso del maxilar, com\u00fanmente llamada<\/p>\n","protected":false},"author":2,"featured_media":0,"parent":0,"menu_order":0,"comment_status":"closed","ping_status":"closed","template":"","meta":[],"_links":{"self":[{"href":"https:\/\/oralmedic.com.co\/index.php\/wp-json\/wp\/v2\/pages\/1139"}],"collection":[{"href":"https:\/\/oralmedic.com.co\/index.php\/wp-json\/wp\/v2\/pages"}],"about":[{"href":"https:\/\/oralmedic.com.co\/index.php\/wp-json\/wp\/v2\/types\/page"}],"author":[{"embeddable":true,"href":"https:\/\/oralmedic.com.co\/index.php\/wp-json\/wp\/v2\/users\/2"}],"replies":[{"embeddable":true,"href":"https:\/\/oralmedic.com.co\/index.php\/wp-json\/wp\/v2\/comments?post=1139"}],"version-history":[{"count":10,"href":"https:\/\/oralmedic.com.co\/index.php\/wp-json\/wp\/v2\/pages\/1139\/revisions"}],"predecessor-version":[{"id":1579,"href":"https:\/\/oralmedic.com.co\/index.php\/wp-json\/wp\/v2\/pages\/1139\/revisions\/1579"}],"wp:attachment":[{"href":"https:\/\/oralmedic.com.co\/index.php\/wp-json\/wp\/v2\/media?parent=1139"}],"curies":[{"name":"wp","href":"https:\/\/api.w.org\/{rel}","templated":true}]}}